s the hundreds digit of r?
0
Suppose -16*o + 3510 = -13*o. What is the units digit of o?
0
What is the tens digit of (15/10)/(3/488)?
4
Let p(i) = -i**3 + 6*i**2 - 2*i - 3. Let b be p(4). What is the units digit of b*(21/9)/7?
7
Suppose -j + 3*j - 15 = f, 2*j = 4*f + 36. Let z(o) = -8*o + 19. What is the units digit of z(f)?
5
Let x(d) = 274*d**2 - 2. What is the units digit of x(-2)?
4
What is the hundreds digit of (23499/(-28))/(54/(-72))?
1
Let z(p) = -6*p**2 + 4*p - 2. Let h(i) = -i**2 + i + 1. Let l(g) = 5*h(g) - z(g). What is the units digit of l(-5)?
7
What is the tens digit of (178 - -3)/(2/10) + 2?
0
Let z(k) = -k**2 + 3*k + 301. What is the units digit of z(0)?
1
Let d(m) = m + 13. Let g be d(-7). Let o(n) = -g*n - n**3 + 8*n - 2*n**2 - 3 + 1. What is the units digit of o(-3)?
1
Let r = -282 + 783. What is the units digit of r?
1
Let a(v) = v**3 - 13*v**2 - 35*v + 21. What is the units digit of a(16)?
9
Let f(q) be the first derivative of -5*q**2/2 - 12*q - 13. What is the units digit of f(-13)?
3
Let n = 76 - -719. What is the hundreds digit of n?
7
Suppose -2*z + 45 = 5*p - 7*z, -4*p + z + 45 = 0. What is the units digit of (-64)/p*-12 - 4?
0
Let m(l) = l**3 + 6 - 2*l**3 + l**3 - 4*l - l**3. Let h be m(4). Let j = -32 - h. What is the units digit of j?
2
Let n = 1684 - 1116. What is the tens digit of n?
6
Let s = 10 + -10. Suppose 4 = -s*v + 4*v. What is the units digit of v?
1
Suppose 7*n = 4*n - 9. Let h be (4/n)/(36/(-54)). Suppose h*a + 4*z = 106, 5*a + 3*z = z + 289. What is the units digit of a?
9
Let z(w) = w**2 + 7*w - 6. Let m be z(-8). Suppose 0 = -4*c + m*c + 166. Let a = -45 + c. What is the tens digit of a?
3
Let n(g) = g**2 - 30*g - 34. Let h be n(17). Let u = 378 + h. What is the tens digit of u?
2
Let d = 8 - 6. Suppose -d - 1 = -3*y. What is the tens digit of (y*13)/(1 + 0)?
1
Let m(o) = o - 30. Let c be m(-11). Let j = c - -61. What is the units digit of j?
0
Suppose 0 = -4*h + i + 1539, -5*i + 34 + 1921 = 5*h. What is the hundreds digit of h?
3
Let c = -71 - -43. What is the tens digit of 14/2*(-120)/c?
3
Suppose -4*u + 22 = -2*y, 0 = -2*u - 2*y + 6 + 2. Let f = 9 - -7. Suppose 14 = 2*i + 2*s + 2, -f = 2*i - u*s. What is the units digit of i?
2
Let t = -44 + 165. Suppose -4*b + 5*h = -158, 3*h = 3*b - t + 4. What is the units digit of b?
7
Suppose -8 = -3*q + 4. Suppose j = q*j - 78. What is the units digit of j?
6
Let t(k) = k. Let a(p) = 7*p. Let x(n) = -2*a(n) + 6*t(n). Let s be x(-1). Suppose 0 = u - 45 + s. What is the units digit of u?
7
Let t(i) be the second derivative of -10*i + 55/6*i**3 - 3/2*i**2 + 0. What is the units digit of t(1)?
2
Let x(o) = -o**3 - 9*o**2 + 10*o + 9. Let w be x(-10). Suppose -w*h + 150 = -7*h. Let y = h + -6. What is the tens digit of y?
6
Let v = -85 + 90. Suppose 249 = v*k + 3*a, 2*a - 3 = 3. What is the tens digit of k?
4
Let n(y) = -10*y + 2. Let r be n(1). Let w(u) = -2*u + 14. What is the units digit of w(r)?
0
Let w = -1733 + 4361. What is the thousands digit of w?
2
Let m(n) = -2*n**3 + 134*n**2 - 69*n - 101. What is the units digit of m(66)?
7
What is the thousands digit of (-170)/51*(2 - (-3304)/(-5))?
2
Suppose 5*j - 10 = 0, -4*j + 10 = 2*p + 144. What is the units digit of 9/27 + p/(-3)?
4
Let c = 2493 + -1608. What is the units digit of c?
5
Suppose 2*f - 4 = 4. Suppose k = -0 + 4, 0 = -4*l - f*k + 72. Suppose l*z + 156 = 18*z. What is the units digit of z?
9
Let y = -315 - -474. Suppose 0 = -j + w + 47, 0*j + 3*w = -3*j + y. Suppose -k + j = 4*k. What is the units digit of k?
0
Let v(p) = 5 - 6 - 5 - p**2. Let x be v(0). Let n(f) = -f - 1. What is the units digit of n(x)?
5
Suppose -3*b = -n + 2*b + 134, 3*b + 12 = 0. Suppose 2*t = -5*x - 31 + n, -3*x = -4*t - 29. What is the units digit of x?
5
Suppose -5*s + 2462 = 6*v - 5*v, -1970 = -4*s - v. What is the tens digit of s?
9
Suppose -3*t = -3*r - 0*t + 1524, -5*t = r - 496. Suppose 3*i - 378 = -3*j, 0 = -6*i + 2*i - 5*j + r. What is the tens digit of (-24)/60 - i/(-10)?
1
Suppose -4*q - 3*v = -q - 330, -2*v = -4*q + 464. Suppose 0 = -4*c + 6*c - q. What is the units digit of c?
7
Suppose -2*q = -2, y - 5*y - 3*q + 23 = 0. Suppose y = 6*n - n. What is the units digit of n/3*87/1?
9
Let i(q) = -8*q**3 - 2*q**2 - 7*q - 4. Let r be i(-3). Suppose -28 = -3*n + r. What is the units digit of n?
1
Suppose 0 = 50*r - 11*r - 6006. What is the tens digit of r?
5
Suppose 2*s - 8*k = -10*k + 10, -s - 5*k = -13. Suppose -3*m = 2*a - 317, 7*m - s*a = 2*m + 522. What is the hundreds digit of m?
1
Let n = 546 - 236. What is the tens digit of n?
1
Let y be (-3 + 3)/(2 - 3). Suppose -6*n + n + 540 = y. What is the hundreds digit of n?
1
Suppose 0 = 4*p - 3*m - 3959 + 41, -4901 = -5*p + 2*m. What is the tens digit of p?
8
Suppose 6*d - 1118 = 5608. What is the hundreds digit of d?
1
Let j(b) = -9*b + 7. Let w(x) = -x + 2. Let r be w(6). Let i(q) = 10*q - 6. Let p(f) = r*i(f) - 3*j(f). What is the tens digit of p(-2)?
2
Suppose 4*o - 109*f = -105*f + 11288, -3*f = 3*o - 8484. What is the hundreds digit of o?
8
Suppose i = -2*i. Let s(d) = -d**3 - 10*d**2 - 24*d - 13. Let x be s(-7). Let f = x - i. What is the units digit of f?
8
Let o be -1 + 15 - 2*2. Let v be (o + -18)*(-2)/4. Let q(n) = 13*n. What is the tens digit of q(v)?
5
Suppose r = -0*r + 5. Suppose r*d - 222 = 363. What is the units digit of d?
7
What is the units digit of 2660/49 - 8/28?
4
Let d = -20 + 22. Suppose d*n + 262 = 4*l, -2*l + l - n = -73. Suppose 5*q = q + l. What is the tens digit of q?
1
Suppose -6*l - 240 = -l. Let p be ((-133)/21)/(2/l). Suppose -4*v = -4*k + 180, -3*k + p - 21 = -4*v. What is the units digit of k?
9
Suppose -57*g + 24*g + 98538 = 0. What is the hundreds digit of g?
9
Suppose 2*c = 4*x - 7 - 13, 4 = 2*x + 2*c. Suppose 4*f + 4 = 0, -5 = -g - f + x*f. Suppose o - g*k - k = 50, -k + 298 = 5*o. What is the tens digit of o?
5
Let y(h) = -17*h - 8. Let i be y(-3). Suppose 0 = -5*g + 4*g + i. What is the units digit of g?
3
Let l be (-47)/(-4)*(-6)/12*-8. What is the units digit of 12/(-6) + l/1?
5
Let g(t) = -t**3 - 10*t**2 - 10*t - 13. Let y be g(-9). Let k be (14/y)/((-10)/20). Let p(b) = 3*b + 9. What is the units digit of p(k)?
0
Suppose -5*r + 3*f = -35, 3*r + 6 = 4*f + 38. Suppose 0*q - 2*q - 4*w = -74, r*q - 168 = -4*w. What is the units digit of q?
7
Suppose -n = -2*d - 253, -2*n = 2*n - 2*d - 1024. What is the hundreds digit of n?
2
Let m = 158 - 107. Suppose 2*p + 4 = 0, p = 4*i - i - 20. Suppose m = 5*d + i. What is the units digit of d?
9
Suppose -843 = -2*k + 5*q, k + 5*q - 2195 = -4*k. What is the units digit of k?
4
Suppose -8*k = -3*k - 300. Let s = -9 + k. What is the tens digit of s?
5
Suppose 191*a - 193*a = -14. Let f(h) be the first derivative of -h**3/3 + 13*h**2/2 + 2*h - 1. What is the units digit of f(a)?
4
Let l(b) = -3*b + 2. Suppose -50 = -5*s - 5*m, 31 - 71 = -4*s - 5*m. Suppose 4*k + s = -o, -5*k + 0*k + 25 = -5*o. What is the units digit of l(o)?
0
Let v = 88 - -342. What is the hundreds digit of v?
4
Let l be (-10)/(164/(-52) - -3). Suppose 2*q + 3*k - l = 0, 3*q + k - 71 = 37. What is the units digit of q?
7
Suppose -6*f + 2*f = 156. Let v be (0 - (0 + -1))/((-13)/845). Let t = f - v. What is the units digit of t?
6
Suppose 6 = -2*n + 6*a - 2*a, 3*n + 9 = 4*a. Let s = -4 - n. Let d = 3 - s. What is the units digit of d?
4
Let u be -14*(-3 + 44/8). Suppose -2*b = 3*f - 208, 8*f + 3*b - 279 = 4*f. Let g = f + u. What is the units digit of g?
1
Suppose 0*v = -5*h + v + 20, -3*h + 10 = -v. What is the tens digit of -1 + h + (4 - -234)?
4
Let k(g) = 59*g + 294. Let c be k(-5). Suppose 4*b - 5*o - 25 = 0, o = -b - 2*o + 2. What is the tens digit of c + -1 - (-85)/b?
1
Suppose i - 4*r = 185, -i + r = -76 - 109. Suppose -i = 23*l - 28*l. What is the units digit of l?
7
Suppose 32*o - 4*c = 29*o + 32, -11 = -4*o - c. What is the units digit of o?
4
Suppose -3*i = -u - 89, -5*i - 4*u = u - 155. Suppose 27*d + 156 = i*d. What is the units digit of d?
2
Let k be (-2452)/(-20) + 6/(-10). Suppose -7*m + 5*m - k = 0. Let i = -34 - m. What is the tens digit of i?
2
Let g(k) = -k**3 + 20*k**2 - 63*k + 48. What is the units digit of g(12)?
4
Let c = -2 + 13. What is the tens digit of 12*(-4)/((-16)/c)?
3
Let c(a) = 73*a**2 + 3